{"id":14,"date":"2026-01-26T17:49:32","date_gmt":"2026-01-26T16:49:32","guid":{"rendered":"https:\/\/auto-kolor.com.pl\/?page_id=14"},"modified":"2026-02-03T19:33:26","modified_gmt":"2026-02-03T18:33:26","slug":"strona-glowna","status":"publish","type":"page","link":"https:\/\/auto-kolor.com.pl\/","title":{"rendered":"Strona G\u0142\u00f3wna"},"content":{"rendered":"<p>[et_pb_section fb_built=&#8221;1&#8243; fullwidth=&#8221;on&#8221; _builder_version=&#8221;4.27.4&#8243; _module_preset=&#8221;default&#8221; global_colors_info=&#8221;{}&#8221;][et_pb_fullwidth_header text_orientation=&#8221;center&#8221; header_fullscreen=&#8221;on&#8221; header_scroll_down=&#8221;on&#8221; button_one_text=&#8221;503 992 601&#8243; button_one_url=&#8221;tel:+48503992601&#8243; background_overlay_color=&#8221;rgba(0,0,0,0.5)&#8221; _builder_version=&#8221;4.27.4&#8243; _module_preset=&#8221;default&#8221; title_font=&#8221;|800|||||||&#8221; title_font_size=&#8221;36px&#8221; background_video_mp4=&#8221;https:\/\/auto-kolor.com.pl\/wp-content\/uploads\/2026\/01\/iStock-1334412907.mp4&#8243; custom_button_one=&#8221;on&#8221; button_one_border_radius=&#8221;20px&#8221; button_one_icon=&#8221;&#xf3cd;||fa||900&#8243; button_one_icon_placement=&#8221;left&#8221; button_one_on_hover=&#8221;off&#8221; hover_enabled=&#8221;0&#8243; title_font_size_tablet=&#8221;36px&#8221; title_font_size_phone=&#8221;32px&#8221; title_font_size_last_edited=&#8221;on|phone&#8221; global_colors_info=&#8221;{}&#8221; sticky_enabled=&#8221;0&#8243;]<\/p>\n<h1>Blacharstwo i lakiernictwo<br \/>G\u00f3ra Kalwaria<\/h1>\n<p>[\/et_pb_fullwidth_header][\/et_pb_section][et_pb_section fb_built=&#8221;1&#8243; _builder_version=&#8221;4.27.4&#8243; _module_preset=&#8221;default&#8221; global_colors_info=&#8221;{}&#8221;][et_pb_row _builder_version=&#8221;4.27.4&#8243; _module_preset=&#8221;default&#8221; global_colors_info=&#8221;{}&#8221;][et_pb_column type=&#8221;4_4&#8243; _builder_version=&#8221;4.27.4&#8243; _module_preset=&#8221;default&#8221; global_colors_info=&#8221;{}&#8221;][et_pb_heading title=&#8221;Lakiernik samochodowy G\u00f3ra Kalwaria&#8221; _builder_version=&#8221;4.27.4&#8243; _module_preset=&#8221;default&#8221; title_level=&#8221;h2&#8243; title_font=&#8221;|700||on|||||&#8221; title_text_align=&#8221;center&#8221; title_text_color=&#8221;#0C71C3&#8243; title_font_size=&#8221;40px&#8221; custom_margin=&#8221;||-14px|||&#8221; title_font_size_tablet=&#8221;40px&#8221; title_font_size_phone=&#8221;36px&#8221; title_font_size_last_edited=&#8221;on|desktop&#8221; global_colors_info=&#8221;{}&#8221;][\/et_pb_heading][et_pb_text _builder_version=&#8221;4.27.4&#8243; _module_preset=&#8221;default&#8221; custom_margin=&#8221;23px|||||&#8221; global_colors_info=&#8221;{}&#8221;]<\/p>\n<h3 style=\"text-align: center;\"><strong>AUTO KOLOR<br \/>profesjonalne us\u0142ugi blacharsko-lakiernicze<\/strong><\/h3>\n<p>Jeste\u015bmy firm\u0105 posiadaj\u0105c\u0105 du\u017ce do\u015bwiadczenie w naprawach blacharsko \u2013 lakierniczych. Oferujemy kompleksow\u0105 obs\u0142ug\u0119 samochod\u00f3w osobowych i dostawczych.<br \/>Wsp\u00f3\u0142pracujemy ze wszystkimi firmami ubezpieczeniowymi. Nasi klienci maj\u0105 mo\u017cliwo\u015b\u0107 zg\u0142aszania i likwidacji szk\u00f3d komunikacyjnych w siedzibie firmy przy ul. Zakalwaria 11 w G\u00f3rze Kalwarii.<br \/>Dzi\u0119ki nam masz pewno\u015b\u0107, \u017ce Twoje auto po naprawie zachowa wysoki poziom bezpiecze\u0144stwa oraz b\u0119dzie Ci s\u0142u\u017cy\u0142o przez d\u0142ugi czas.<\/p>\n<p>[\/et_pb_text][\/et_pb_column][\/et_pb_row][et_pb_row column_structure=&#8221;1_3,1_3,1_3&#8243; _builder_version=&#8221;4.27.4&#8243; _module_preset=&#8221;default&#8221; global_colors_info=&#8221;{}&#8221;][et_pb_column type=&#8221;1_3&#8243; _builder_version=&#8221;4.27.4&#8243; _module_preset=&#8221;default&#8221; global_colors_info=&#8221;{}&#8221;][et_pb_image src=&#8221;https:\/\/auto-kolor.com.pl\/wp-content\/uploads\/2026\/01\/icon-001.png&#8221; alt=&#8221;Blacharstwo i lakiernictwo G\u00f3ra Kalwaria i okolice.&#8221; title_text=&#8221;Blacharstwo i lakiernictwo G\u00f3ra Kalwaria i okolice.&#8221; align=&#8221;center&#8221; _builder_version=&#8221;4.27.4&#8243; _module_preset=&#8221;default&#8221; custom_margin=&#8221;|80px|11px|80px|false|true&#8221; global_colors_info=&#8221;{}&#8221;][\/et_pb_image][et_pb_text _builder_version=&#8221;4.27.4&#8243; _module_preset=&#8221;default&#8221; global_colors_info=&#8221;{}&#8221;]<\/p>\n<h3 class=\"sppb-feature-box-title\" style=\"text-align: center;\">Blacharstwo i lakiernictwo<br \/>G\u00f3ra Kalwaria i okolice.<\/h3>\n<p>[\/et_pb_text][\/et_pb_column][et_pb_column type=&#8221;1_3&#8243; _builder_version=&#8221;4.27.4&#8243; _module_preset=&#8221;default&#8221; global_colors_info=&#8221;{}&#8221;][et_pb_image src=&#8221;https:\/\/auto-kolor.com.pl\/wp-content\/uploads\/2026\/01\/icon-002.png&#8221; alt=&#8221;Likwidacja szk\u00f3d komunikacyjnych. Rzeczoznawstwo&#8221; title_text=&#8221;Likwidacja szk\u00f3d komunikacyjnych. Rzeczoznawstwo&#8221; align=&#8221;center&#8221; _builder_version=&#8221;4.27.4&#8243; _module_preset=&#8221;default&#8221; custom_margin=&#8221;|80px|11px|80px|false|true&#8221; global_colors_info=&#8221;{}&#8221;][\/et_pb_image][et_pb_text _builder_version=&#8221;4.27.4&#8243; _module_preset=&#8221;default&#8221; global_colors_info=&#8221;{}&#8221;]<\/p>\n<h3 class=\"sppb-feature-box-title\" style=\"text-align: center;\">Likwidacja szk\u00f3d komunikacyjnych.<\/h3>\n<p>[\/et_pb_text][\/et_pb_column][et_pb_column type=&#8221;1_3&#8243; _builder_version=&#8221;4.27.4&#8243; _module_preset=&#8221;default&#8221; global_colors_info=&#8221;{}&#8221;][et_pb_image src=&#8221;https:\/\/auto-kolor.com.pl\/wp-content\/uploads\/2026\/01\/icon-003.png&#8221; alt=&#8221;Holowanie i samoch\u00f3d zast\u0119pczy&#8221; title_text=&#8221;Holowanie i samoch\u00f3d zast\u0119pczy&#8221; align=&#8221;center&#8221; _builder_version=&#8221;4.27.4&#8243; _module_preset=&#8221;default&#8221; custom_margin=&#8221;|80px|11px|80px|false|true&#8221; global_colors_info=&#8221;{}&#8221;][\/et_pb_image][et_pb_text _builder_version=&#8221;4.27.4&#8243; _module_preset=&#8221;default&#8221; global_colors_info=&#8221;{}&#8221;]<\/p>\n<h3 class=\"sppb-feature-box-title\" style=\"text-align: center;\">Holowanie<br \/>i samoch\u00f3d zast\u0119pczy.<\/h3>\n<p>[\/et_pb_text][\/et_pb_column][\/et_pb_row][\/et_pb_section][et_pb_section fb_built=&#8221;1&#8243; _builder_version=&#8221;4.27.4&#8243; _module_preset=&#8221;default&#8221; background_image=&#8221;https:\/\/auto-kolor.com.pl\/wp-content\/uploads\/2026\/01\/iStock-2193108878.jpg&#8221; parallax=&#8221;on&#8221; custom_padding=&#8221;130px||130px|||&#8221; global_colors_info=&#8221;{}&#8221;][et_pb_row column_structure=&#8221;1_2,1_2&#8243; _builder_version=&#8221;4.27.4&#8243; _module_preset=&#8221;default&#8221; global_colors_info=&#8221;{}&#8221;][et_pb_column type=&#8221;1_2&#8243; _builder_version=&#8221;4.27.4&#8243; _module_preset=&#8221;default&#8221; global_colors_info=&#8221;{}&#8221;][\/et_pb_column][et_pb_column type=&#8221;1_2&#8243; _builder_version=&#8221;4.27.4&#8243; _module_preset=&#8221;default&#8221; global_colors_info=&#8221;{}&#8221;][et_pb_cta title=&#8221;Oferujemy&#8221; button_url=&#8221;@ET-DC@eyJkeW5hbWljIjp0cnVlLCJjb250ZW50IjoicG9zdF9saW5rX3VybF9wYWdlIiwic2V0dGluZ3MiOnsicG9zdF9pZCI6IjExMTUxOSJ9fQ==@&#8221; button_text=&#8221;Wi\u0119cej&#8221; _builder_version=&#8221;4.27.4&#8243; _dynamic_attributes=&#8221;button_url&#8221; _module_preset=&#8221;default&#8221; background_color=&#8221;rgba(3,94,168,0.85)&#8221; custom_button=&#8221;on&#8221; button_border_radius=&#8221;20px&#8221; border_radii=&#8221;on|20px|20px|20px|20px&#8221; global_colors_info=&#8221;{}&#8221;]<\/p>\n<ul>\n<li style=\"text-align: left;\">mo\u017cliwo\u015b\u0107 zg\u0142oszenia szkody w serwisie, bez potrzeby wizyty w zak\u0142adzie ubezpiecze\u0144,<\/li>\n<li style=\"text-align: left;\">skr\u00f3cenie czasu likwidacji szkody dzi\u0119ki uprawnieniom do dokonywania ogl\u0119dzin,<\/li>\n<li style=\"text-align: left;\">naprawy z u\u017cyciem oryginalnych cz\u0119\u015bci,<\/li>\n<li style=\"text-align: left;\">oferujemy dwuletni\u0105 gwarancj\u0119 na wykonywane naprawy,<\/li>\n<li style=\"text-align: left;\">szybkie naprawy drobnych uszkodze\u0144 lakierniczych,<\/li>\n<li style=\"text-align: left;\">samoch\u00f3d zast\u0119pczy na czas naprawy.<\/li>\n<\/ul>\n<p>[\/et_pb_cta][\/et_pb_column][\/et_pb_row][\/et_pb_section][et_pb_section fb_built=&#8221;1&#8243; _builder_version=&#8221;4.27.4&#8243; _module_preset=&#8221;default&#8221; global_colors_info=&#8221;{}&#8221;][et_pb_row _builder_version=&#8221;4.27.4&#8243; _module_preset=&#8221;default&#8221; custom_padding=&#8221;11px|||||&#8221; global_colors_info=&#8221;{}&#8221;][et_pb_column type=&#8221;4_4&#8243; _builder_version=&#8221;4.27.4&#8243; _module_preset=&#8221;default&#8221; global_colors_info=&#8221;{}&#8221;][et_pb_text _builder_version=&#8221;4.27.4&#8243; _module_preset=&#8221;default&#8221; header_2_font=&#8221;|700||on|||||&#8221; header_2_text_align=&#8221;center&#8221; header_2_text_color=&#8221;#0C71C3&#8243; header_2_font_size=&#8221;40px&#8221; header_font_size_tablet=&#8221;&#8221; header_font_size_phone=&#8221;36px&#8221; header_font_size_last_edited=&#8221;on|phone&#8221; global_colors_info=&#8221;{}&#8221;]<\/p>\n<h2>Naprawiamy szkody z OC i AC <br \/>wszystkich zak\u0142ad\u00f3w ubezpiecze\u0144 !<\/h2>\n<p>[\/et_pb_text][\/et_pb_column][\/et_pb_row][et_pb_row column_structure=&#8221;1_5,1_5,1_5,1_5,1_5&#8243; _builder_version=&#8221;4.27.4&#8243; _module_preset=&#8221;default&#8221; custom_padding=&#8221;11px|||||&#8221; global_colors_info=&#8221;{}&#8221;][et_pb_column type=&#8221;1_5&#8243; _builder_version=&#8221;4.27.4&#8243; _module_preset=&#8221;default&#8221; global_colors_info=&#8221;{}&#8221;][et_pb_image src=&#8221;https:\/\/auto-kolor.com.pl\/wp-content\/uploads\/2026\/01\/logo-pzu.png&#8221; title_text=&#8221;logo-pzu&#8221; _builder_version=&#8221;4.27.4&#8243; _module_preset=&#8221;default&#8221; global_colors_info=&#8221;{}&#8221;][\/et_pb_image][\/et_pb_column][et_pb_column type=&#8221;1_5&#8243; _builder_version=&#8221;4.27.4&#8243; _module_preset=&#8221;default&#8221; global_colors_info=&#8221;{}&#8221;][et_pb_image src=&#8221;https:\/\/auto-kolor.com.pl\/wp-content\/uploads\/2026\/01\/logo-ergo-hestia.png&#8221; title_text=&#8221;logo-ergo-hestia&#8221; _builder_version=&#8221;4.27.4&#8243; _module_preset=&#8221;default&#8221; global_colors_info=&#8221;{}&#8221;][\/et_pb_image][\/et_pb_column][et_pb_column type=&#8221;1_5&#8243; _builder_version=&#8221;4.27.4&#8243; _module_preset=&#8221;default&#8221; global_colors_info=&#8221;{}&#8221;][et_pb_image src=&#8221;https:\/\/auto-kolor.com.pl\/wp-content\/uploads\/2026\/01\/logo-warta.png&#8221; title_text=&#8221;logo-warta&#8221; _builder_version=&#8221;4.27.4&#8243; _module_preset=&#8221;default&#8221; global_colors_info=&#8221;{}&#8221;][\/et_pb_image][\/et_pb_column][et_pb_column type=&#8221;1_5&#8243; _builder_version=&#8221;4.27.4&#8243; _module_preset=&#8221;default&#8221; global_colors_info=&#8221;{}&#8221;][et_pb_image src=&#8221;https:\/\/auto-kolor.com.pl\/wp-content\/uploads\/2026\/01\/logo_alianz.png&#8221; _builder_version=&#8221;4.27.4&#8243; _module_preset=&#8221;default&#8221; global_colors_info=&#8221;{}&#8221;][\/et_pb_image][\/et_pb_column][et_pb_column type=&#8221;1_5&#8243; _builder_version=&#8221;4.27.4&#8243; _module_preset=&#8221;default&#8221; global_colors_info=&#8221;{}&#8221;][et_pb_image src=&#8221;https:\/\/auto-kolor.com.pl\/wp-content\/uploads\/2026\/01\/logo-generali.png&#8221; title_text=&#8221;logo-generali&#8221; _builder_version=&#8221;4.27.4&#8243; _module_preset=&#8221;default&#8221; global_colors_info=&#8221;{}&#8221;][\/et_pb_image][\/et_pb_column][\/et_pb_row][et_pb_row column_structure=&#8221;1_5,1_5,1_5,1_5,1_5&#8243; _builder_version=&#8221;4.27.4&#8243; _module_preset=&#8221;default&#8221; custom_padding=&#8221;11px|||||&#8221; global_colors_info=&#8221;{}&#8221;][et_pb_column type=&#8221;1_5&#8243; _builder_version=&#8221;4.27.4&#8243; _module_preset=&#8221;default&#8221; global_colors_info=&#8221;{}&#8221;][et_pb_image src=&#8221;https:\/\/auto-kolor.com.pl\/wp-content\/uploads\/2026\/01\/logo-link4.png&#8221; title_text=&#8221;logo-link4&#8243; _builder_version=&#8221;4.27.4&#8243; _module_preset=&#8221;default&#8221; global_colors_info=&#8221;{}&#8221;][\/et_pb_image][\/et_pb_column][et_pb_column type=&#8221;1_5&#8243; _builder_version=&#8221;4.27.4&#8243; _module_preset=&#8221;default&#8221; global_colors_info=&#8221;{}&#8221;][et_pb_image src=&#8221;https:\/\/auto-kolor.com.pl\/wp-content\/uploads\/2026\/01\/logo-uniqua.png&#8221; title_text=&#8221;logo-uniqua&#8221; _builder_version=&#8221;4.27.4&#8243; _module_preset=&#8221;default&#8221; global_colors_info=&#8221;{}&#8221;][\/et_pb_image][\/et_pb_column][et_pb_column type=&#8221;1_5&#8243; _builder_version=&#8221;4.27.4&#8243; _module_preset=&#8221;default&#8221; global_colors_info=&#8221;{}&#8221;][et_pb_image src=&#8221;https:\/\/auto-kolor.com.pl\/wp-content\/uploads\/2026\/01\/logo_compensa.png&#8221; alt=&#8221;Compensa&#8221; title_text=&#8221;logo_compensa&#8221; _builder_version=&#8221;4.27.4&#8243; _module_preset=&#8221;default&#8221; global_colors_info=&#8221;{}&#8221;][\/et_pb_image][\/et_pb_column][et_pb_column type=&#8221;1_5&#8243; _builder_version=&#8221;4.27.4&#8243; _module_preset=&#8221;default&#8221; global_colors_info=&#8221;{}&#8221;][et_pb_image src=&#8221;https:\/\/auto-kolor.com.pl\/wp-content\/uploads\/2026\/01\/logo-balcia.png&#8221; title_text=&#8221;logo-balcia&#8221; _builder_version=&#8221;4.27.4&#8243; _module_preset=&#8221;default&#8221; global_colors_info=&#8221;{}&#8221;][\/et_pb_image][\/et_pb_column][et_pb_column type=&#8221;1_5&#8243; _builder_version=&#8221;4.27.4&#8243; _module_preset=&#8221;default&#8221; global_colors_info=&#8221;{}&#8221;][et_pb_image src=&#8221;https:\/\/auto-kolor.com.pl\/wp-content\/uploads\/2026\/01\/logo-tuz.png&#8221; title_text=&#8221;logo-tuz&#8221; _builder_version=&#8221;4.27.4&#8243; _module_preset=&#8221;default&#8221; global_colors_info=&#8221;{}&#8221;][\/et_pb_image][\/et_pb_column][\/et_pb_row][\/et_pb_section][et_pb_section fb_built=&#8221;1&#8243; fullwidth=&#8221;on&#8221; _builder_version=&#8221;4.27.4&#8243; _module_preset=&#8221;default&#8221; global_colors_info=&#8221;{}&#8221;][et_pb_fullwidth_code _builder_version=&#8221;4.27.4&#8243; _module_preset=&#8221;default&#8221; global_colors_info=&#8221;{}&#8221;]<iframe src=\"https:\/\/www.google.com\/maps\/embed?pb=!1m18!1m12!1m3!1d2457.3645483683476!2d21.18211797779743!3d51.98200887192513!2m3!1f0!2f0!3f0!3m2!1i1024!2i768!4f13.1!3m3!1m2!1s0x471927fde1baa72d%3A0x224c8443090ad82a!2sZakalwaria%2011%2C%2005-530%20G%C3%B3ra%20Kalwaria!5e0!3m2!1spl!2spl!4v1769536025397!5m2!1spl!2spl\" width=\"100%\" height=\"450\" style=\"border:0;\" allowfullscreen=\"\" loading=\"lazy\" referrerpolicy=\"no-referrer-when-downgrade\"><\/iframe>[\/et_pb_fullwidth_code][\/et_pb_section]<\/p>\n","protected":false},"excerpt":{"rendered":"<p>Blacharstwo i lakiernictwoG\u00f3ra KalwariaAUTO KOLORprofesjonalne us\u0142ugi blacharsko-lakiernicze Jeste\u015bmy firm\u0105 posiadaj\u0105c\u0105 du\u017ce do\u015bwiadczenie w naprawach blacharsko \u2013 lakierniczych. Oferujemy kompleksow\u0105 obs\u0142ug\u0119 samochod\u00f3w osobowych i dostawczych.Wsp\u00f3\u0142pracujemy ze wszystkimi firmami ubezpieczeniowymi. Nasi klienci maj\u0105 mo\u017cliwo\u015b\u0107 zg\u0142aszania i likwidacji szk\u00f3d komunikacyjnych w siedzibie firmy przy ul. Zakalwaria 11 w G\u00f3rze Kalwarii.Dzi\u0119ki nam masz pewno\u015b\u0107, \u017ce Twoje auto po naprawie [&hellip;]<\/p>\n","protected":false},"author":1,"featured_media":0,"parent":0,"menu_order":0,"comment_status":"closed","ping_status":"closed","template":"","meta":{"_et_pb_use_builder":"on","_et_pb_old_content":"","_et_gb_content_width":"","footnotes":""},"class_list":["post-14","page","type-page","status-publish","hentry"],"_links":{"self":[{"href":"https:\/\/auto-kolor.com.pl\/index.php?rest_route=\/wp\/v2\/pages\/14","targetHints":{"allow":["GET"]}}],"collection":[{"href":"https:\/\/auto-kolor.com.pl\/index.php?rest_route=\/wp\/v2\/pages"}],"about":[{"href":"https:\/\/auto-kolor.com.pl\/index.php?rest_route=\/wp\/v2\/types\/page"}],"author":[{"embeddable":true,"href":"https:\/\/auto-kolor.com.pl\/index.php?rest_route=\/wp\/v2\/users\/1"}],"replies":[{"embeddable":true,"href":"https:\/\/auto-kolor.com.pl\/index.php?rest_route=%2Fwp%2Fv2%2Fcomments&post=14"}],"version-history":[{"count":23,"href":"https:\/\/auto-kolor.com.pl\/index.php?rest_route=\/wp\/v2\/pages\/14\/revisions"}],"predecessor-version":[{"id":111619,"href":"https:\/\/auto-kolor.com.pl\/index.php?rest_route=\/wp\/v2\/pages\/14\/revisions\/111619"}],"wp:attachment":[{"href":"https:\/\/auto-kolor.com.pl\/index.php?rest_route=%2Fwp%2Fv2%2Fmedia&parent=14"}],"curies":[{"name":"wp","href":"https:\/\/api.w.org\/{rel}","templated":true}]}}