{"id":111567,"date":"2026-01-28T18:01:22","date_gmt":"2026-01-28T17:01:22","guid":{"rendered":"https:\/\/auto-kolor.com.pl\/?page_id=111567"},"modified":"2026-04-03T18:34:29","modified_gmt":"2026-04-03T16:34:29","slug":"kontakt","status":"publish","type":"page","link":"https:\/\/auto-kolor.com.pl\/?page_id=111567","title":{"rendered":"Kontakt"},"content":{"rendered":"<p>[et_pb_section fb_built=&#8221;1&#8243; fullwidth=&#8221;on&#8221; _builder_version=&#8221;4.27.4&#8243; _module_preset=&#8221;default&#8221; global_colors_info=&#8221;{}&#8221;][et_pb_fullwidth_header title=&#8221;Kontakt&#8221; text_orientation=&#8221;center&#8221; background_overlay_color=&#8221;rgba(12,113,195,0.77)&#8221; _builder_version=&#8221;4.27.4&#8243; _module_preset=&#8221;default&#8221; title_font=&#8221;|800|||||||&#8221; title_font_size=&#8221;50px&#8221; background_image=&#8221;https:\/\/auto-kolor.com.pl\/wp-content\/uploads\/2026\/01\/iStock-2193108878.jpg&#8221; custom_padding=&#8221;120px||100px|||&#8221; global_colors_info=&#8221;{}&#8221;][\/et_pb_fullwidth_header][\/et_pb_section][et_pb_section fb_built=&#8221;1&#8243; _builder_version=&#8221;4.27.4&#8243; _module_preset=&#8221;default&#8221; global_colors_info=&#8221;{}&#8221;][et_pb_row column_structure=&#8221;1_2,1_2&#8243; make_equal=&#8221;on&#8221; _builder_version=&#8221;4.19.2&#8243; _module_preset=&#8221;default&#8221; background_color=&#8221;RGBA(255,255,255,0)&#8221; custom_padding=&#8221;27px|||||&#8221; locked=&#8221;off&#8221; global_colors_info=&#8221;{}&#8221;][et_pb_column type=&#8221;1_2&#8243; _builder_version=&#8221;4.19.2&#8243; _module_preset=&#8221;default&#8221; background_color=&#8221;RGBA(255,255,255,0)&#8221; global_colors_info=&#8221;{}&#8221;][et_pb_blurb title=&#8221;AUTO KOLOR Sp. z o.o.&#8221; use_icon=&#8221;on&#8221; font_icon=&#8221;&#xf3c5;||fa||900&#8243; icon_color=&#8221;#0C71C3&#8243; icon_placement=&#8221;left&#8221; image_icon_width=&#8221;25px&#8221; _builder_version=&#8221;4.27.4&#8243; _module_preset=&#8221;default&#8221; header_font=&#8221;|700|||||||&#8221; header_font_size=&#8221;18px&#8221; image_icon_custom_margin=&#8221;0px||0px|11px|true|false&#8221; custom_margin=&#8221;||||false|false&#8221; global_colors_info=&#8221;{}&#8221;]<\/p>\n<p><span>05-530 G\u00f3ra Kalwaria<\/span><br \/><span>ul. Zakalwaria 11<\/span><br \/><span>(obok AUTO-SERVICE ZIELI\u0143SKI)<\/span><\/p>\n<p>[\/et_pb_blurb][et_pb_blurb title=&#8221;Godziny otwarcia&#8221; use_icon=&#8221;on&#8221; font_icon=&#8221;&#xf017;||fa||400&#8243; icon_color=&#8221;#0C71C3&#8243; icon_placement=&#8221;left&#8221; image_icon_width=&#8221;25px&#8221; _builder_version=&#8221;4.27.5&#8243; _module_preset=&#8221;default&#8221; header_font=&#8221;|700|||||||&#8221; header_font_size=&#8221;18px&#8221; image_icon_custom_margin=&#8221;0px||0px|11px|true|false&#8221; custom_margin=&#8221;||||false|false&#8221; hover_enabled=&#8221;0&#8243; global_colors_info=&#8221;{}&#8221; sticky_enabled=&#8221;0&#8243;]<\/p>\n<p><span>poniedzia\u0142ek-pi\u0105tek: 07:00 &#8211; 17:00<br \/>pi\u0105tek 7:00-16:00<\/span><\/p>\n<p>[\/et_pb_blurb][\/et_pb_column][et_pb_column type=&#8221;1_2&#8243; _builder_version=&#8221;4.19.2&#8243; _module_preset=&#8221;default&#8221; background_color=&#8221;RGBA(255,255,255,0)&#8221; global_colors_info=&#8221;{}&#8221;][et_pb_blurb use_icon=&#8221;on&#8221; font_icon=&#8221;&#xf3cd;||fa||900&#8243; icon_color=&#8221;#0C71C3&#8243; icon_placement=&#8221;left&#8221; image_icon_width=&#8221;25px&#8221; _builder_version=&#8221;4.27.4&#8243; _module_preset=&#8221;default&#8221; header_font=&#8221;|700|||||||&#8221; body_font=&#8221;|700|||||||&#8221; image_icon_custom_margin=&#8221;0px||0px|11px|true|false&#8221; custom_margin=&#8221;||||false|false&#8221; custom_padding=&#8221;||||false|false&#8221; link_option_url=&#8221;tel:+48503992601&#8243; global_colors_info=&#8221;{}&#8221;]<\/p>\n<p>503 992 601<\/p>\n<p>[\/et_pb_blurb][et_pb_blurb use_icon=&#8221;on&#8221; font_icon=&#8221;&#xe010;||divi||400&#8243; icon_color=&#8221;#0C71C3&#8243; icon_placement=&#8221;left&#8221; image_icon_width=&#8221;25px&#8221; _builder_version=&#8221;4.27.4&#8243; _module_preset=&#8221;default&#8221; body_font=&#8221;|700|||||||&#8221; image_icon_custom_margin=&#8221;0px||0px|11px|true|false&#8221; custom_margin=&#8221;||||false|false&#8221; link_option_url=&#8221;mailto:autokolor@onet.pl&#8221; global_colors_info=&#8221;{}&#8221;]<\/p>\n<p>autokolor@onet.pl<\/p>\n<p>[\/et_pb_blurb][\/et_pb_column][\/et_pb_row][\/et_pb_section][et_pb_section fb_built=&#8221;1&#8243; fullwidth=&#8221;on&#8221; _builder_version=&#8221;4.27.4&#8243; _module_preset=&#8221;default&#8221; locked=&#8221;off&#8221; global_colors_info=&#8221;{}&#8221;][et_pb_fullwidth_code _builder_version=&#8221;4.27.4&#8243; _module_preset=&#8221;default&#8221; global_colors_info=&#8221;{}&#8221;]<iframe src=\"https:\/\/www.google.com\/maps\/embed?pb=!1m18!1m12!1m3!1d2457.3645483683476!2d21.18211797779743!3d51.98200887192513!2m3!1f0!2f0!3f0!3m2!1i1024!2i768!4f13.1!3m3!1m2!1s0x471927fde1baa72d%3A0x224c8443090ad82a!2sZakalwaria%2011%2C%2005-530%20G%C3%B3ra%20Kalwaria!5e0!3m2!1spl!2spl!4v1769536025397!5m2!1spl!2spl\" width=\"100%\" height=\"450\" style=\"border:0;\" allowfullscreen=\"\" loading=\"lazy\" referrerpolicy=\"no-referrer-when-downgrade\"><\/iframe>[\/et_pb_fullwidth_code][\/et_pb_section]<\/p>\n","protected":false},"excerpt":{"rendered":"<p>05-530 G\u00f3ra Kalwariaul. Zakalwaria 11(obok AUTO-SERVICE ZIELI\u0143SKI)poniedzia\u0142ek-pi\u0105tek: 07:00 &#8211; 17:00pi\u0105tek 7:00-16:00503 992 601autokolor@onet.pl<\/p>\n","protected":false},"author":1,"featured_media":0,"parent":0,"menu_order":0,"comment_status":"closed","ping_status":"closed","template":"","meta":{"_et_pb_use_builder":"on","_et_pb_old_content":"","_et_gb_content_width":"","footnotes":""},"class_list":["post-111567","page","type-page","status-publish","hentry"],"_links":{"self":[{"href":"https:\/\/auto-kolor.com.pl\/index.php?rest_route=\/wp\/v2\/pages\/111567","targetHints":{"allow":["GET"]}}],"collection":[{"href":"https:\/\/auto-kolor.com.pl\/index.php?rest_route=\/wp\/v2\/pages"}],"about":[{"href":"https:\/\/auto-kolor.com.pl\/index.php?rest_route=\/wp\/v2\/types\/page"}],"author":[{"embeddable":true,"href":"https:\/\/auto-kolor.com.pl\/index.php?rest_route=\/wp\/v2\/users\/1"}],"replies":[{"embeddable":true,"href":"https:\/\/auto-kolor.com.pl\/index.php?rest_route=%2Fwp%2Fv2%2Fcomments&post=111567"}],"version-history":[{"count":10,"href":"https:\/\/auto-kolor.com.pl\/index.php?rest_route=\/wp\/v2\/pages\/111567\/revisions"}],"predecessor-version":[{"id":111624,"href":"https:\/\/auto-kolor.com.pl\/index.php?rest_route=\/wp\/v2\/pages\/111567\/revisions\/111624"}],"wp:attachment":[{"href":"https:\/\/auto-kolor.com.pl\/index.php?rest_route=%2Fwp%2Fv2%2Fmedia&parent=111567"}],"curies":[{"name":"wp","href":"https:\/\/api.w.org\/{rel}","templated":true}]}}